digit of 128525?
1
What is the hundred thousands digit of 432744?
4
What is the millions digit of 23454029?
3
What is the units digit of 402047?
7
What is the units digit of 283097?
7
What is the tens digit of 6256574?
7
What is the tens digit of 3991462?
6
What is the ten thousands digit of 14799?
1
What is the millions digit of 3253914?
3
What is the units digit of 228447?
7
What is the ten thousands digit of 3784829?
8
What is the hundreds digit of 19932200?
2
What is the thousands digit of 10792635?
2
What is the hundred thousands digit of 2867791?
8
What is the hundreds digit of 3148638?
6
What is the units digit of 19360877?
7
What is the tens digit of 512425?
2
What is the tens digit of 15846?
4
What is the thousands digit of 47489?
7
What is the hundreds digit of 218434?
4
What is the hundreds digit of 16906539?
5
What is the units digit of 75699?
9
What is the units digit of 1237214?
4
What is the millions digit of 3929066?
3
What is the ten thousands digit of 201489?
0
What is the thousands digit of 12393?
2
What is the ten thousands digit of 806937?
0
What is the units digit of 5129391?
1
What is the ten thousands digit of 1062209?
6
What is the units digit of 809820?
0
What is the ten thousands digit of 632091?
3
What is the millions digit of 9406872?
9
What is the tens digit of 21116389?
8
What is the ten thousands digit of 92644?
9
What is the millions digit of 1850323?
1
What is the thousands digit of 115444?
5
What is the ten thousands digit of 11925965?
2
What is the thousands digit of 1674148?
4
What is the thousands digit of 60583?
0
What is the hundred thousands digit of 17545120?
5
What is the ten thousands digit of 78586?
7
What is the thousands digit of 2608521?
8
What is the units digit of 192097?
7
What is the ten thousands digit of 3767335?
6
What is the hundreds digit of 445988?
9
What is the ten thousands digit of 2976976?
7
What is the hundred thousands digit of 3658757?
6
What is the units digit of 227729?
9
What is the thousands digit of 292213?
2
What is the thousands digit of 514006?
4
What is the ten thousands digit of 325547?
2
What is the hundreds digit of 1082385?
3
What is the hundreds digit of 418624?
6
What is the tens digit of 658979?
7
What is the tens digit of 170699?
9
What is the thousands digit of 919131?
9
What is the thousands digit of 5904101?
4
What is the hundreds digit of 4030582?
5
What is the units digit of 5459906?
6
What is the ten millions digit of 16790138?
1
What is the hundred thousands digit of 2210103?
2
What is the tens digit of 28872?
7
What is the hundred thousands digit of 177593?
1
What is the units digit of 15431306?
6
What is the thousands digit of 241948?
1
What is the tens digit of 2268539?
3
What is the units digit of 873650?
0
What is the tens digit of 1910502?
0
What is the tens digit of 1591128?
2
What is the hundred thousands digit of 593211?
5
What is the thousands digit of 185445?
5
What is the tens digit of 392604?
0
What is the units digit of 295068?
8
What is the hundred thousands digit of 129954?
1
What is the units digit of 399496?
6
What is the thousands digit of 1203026?
3
What is the tens digit of 16705626?
2
What is the millions digit of 3052502?
3
What is the ten thousands digit of 6376688?
7
What is the hundreds digit of 201535?
5
What is the thousands digit of 24541549?
1
What is the ten thousands digit of 230002?
3
What is the millions digit of 5630708?
5
What is the hundred thousands digit of 8464156?
4
What is the tens digit of 1260623?
2
What is the units digit of 6678680?
0
What is the thousands digit of 366101?
6
What is the tens digit of 227858?
5
What is the tens digit of 378518?
1
What is the ten thousands digit of 630580?
3
What is the hundreds digit of 334096?
0
What is the hundred thousands digit of 2945133?
9
What is the hundred thousands digit of 16293460?
2
What is the thousands digit of 6329?
6
What is the hundreds digit of 8155883?
8
What is the ten thousands digit of 14821646?
2
What is the units digit of 284341?
1
What is the units digit of 344740?
0
What is the hundreds digit of 11709695?
6
What is the hundreds digit of 294024?
0
What is the millions digit of 20528904?
0
What is the thousands digit of 210991?
0
What is the units digit of 137926?
6
What is the tens digit of 330540?
4
What is the ten thousands digit of 8318038?
1
What is the millions digit of 3467256?
3
What is the ten thousands digit of 357414?
5
What is the hundreds digit of 98726?
7
What is the hundred thousands digit of 190161?
1
What is the units digit of 516526?
6
What is the units digit of 186332?
2
What is the hundred thousands digit of 1145950?
1
What is the thousands digit of 14310191?
0
What is the hundred thousands digit of 7203978?
2
What is the hundreds digit of 726405?
4
What is the units digit of 1264900?
0
What is the tens digit of 99832?
3
What is the tens digit of 545134?
3
What is the ten thousands digit of 6082143?
8
What is the ten thousands digit of 553805?
5
What is the hundreds digit of 1875856?
8
What is the units digit of 4993931?
1
What is the tens digit of 199399?
9
What is the units digit of 305784?
4
What is the tens digit of 27390005?
0
What is the hundred thousands digit of 2113138?
1
What is the tens digit of 903215?
1
What is the tens digit of 129557?
5
What is the hundreds digit of 319456?
4
What is the ten thousands digit of 78196?
7
What is the hundred thousands digit of 4326831?
3
What is the hundreds digit of 568635?
6
What is the millions digit of 4845771?
4
What is the hundred thousands digit of 2154467?
1
What is the hundreds digit of 234275?
2
What is the tens digit of 2593260?
6
What is the millions digit of 8206221?
8
What is the hundreds digit of 627612?
6
What is the units digit of 9827538?
8
What is the tens digit of 225399?
9
What is the thousands digit of 3499892?
9
What is the units digit of 34508644?
4
What is the tens digit of 6692117?
1
What is the ten thousands digit of 104779?
0
What is the tens digit of 27017620?
2
What is the units digit of 887190?
0
What is the hundreds digit of 2498241?
2
What is the thousands digit of 17124?
7
What is the units digit of 3890257?
7
What is the tens digit of 1933916?
1
What is the thousands digit of 157860?
7
What is the hundreds digit of 6141760?
7
What is the units digit of 1011075?
5
What is the hundreds digit of 382562?
5
What is the tens digit of 4595380?
8
What is the tens digit of 223498?
9
What is the thousands digit of 8189179?
9
What is the hundreds digit of 298280?
2
What is the hundreds digit of 779882?
8
What is the ten thousands digit of 63640?
6
What is the tens digit of 1684011?
1
What is the tens digit of 2833033?
3
What is the units digit of 50739?
9
What is the tens digit of 2514722?
2
What is the ten thousands digit of 694668?
9
What is the units digit of 761700?
0
What is the millions digit of 5682054?
5
What is the ten millions digit of 16757641?
1
What is the hundreds digit of 841031?
0
What is the units digit of 3603450?
0
What is the ten thousands digit of 464825?
6
What is the tens digit of 572308?
0
What is the tens digit of 9646943?
4
What is the units digit of 4204422?
2
What is the tens digit of 15835303?
0
What is the tens digit of 188820?
2
What is the tens digit of 977467?
6
What is the units digit of 847128?
8
What is the thousands digit of 56593?
6
What is the hundreds digit of 13719165?
1
What is the thousands digit of 210758?
0
What is the hundreds digit of 689188?
1
What is the ten thousands digit of 744340?
4
What is the tens digit of 724570?
7
What is the units digit of 485218?
8
What is the hundred thousands digit of 3673466?
6
What is the tens digit of 750081?
8
What is the tens digit of 351594?
9
What is the thousands digit of 2972092?
2
What is the thousands digit of 575009?
5
What is the units digit of 364057?
7
What is the ten thousands digit of 251703?
5
What is the units digit of 7054600?
0
What is the ten thousands digit of 625917?
2
What is the tens digit of 201373?
7
What is the ten millions digit of 11314646?
1
What is the units digit of 4478776?
6
What is the tens digit of 2794281?
8
What is the hundred thousands digit of 157172?
1
What is the millions digit of 10211026?
0
What is the hundreds digit of 4518251?
2
What is 